82939?
False
Does 12 divide 888974?
False
Is 55 a factor of 4200350?
True
Does 50 divide 866050?
True
Is 9 a factor of 3276?
True
Is 12 a factor of 163205?
False
Is 105707 a multiple of 1152?
False
Does 26 divide 152282?
True
Is 29503 a multiple of 30?
False
Is 60720 a multiple of 20?
True
Does 20 divide 348831?
False
Does 676 divide 706420?
True
Is 39037 a multiple of 6?
False
Is 9503292 a multiple of 303?
True
Is 6087234 a multiple of 139?
False
Does 9 divide 4255587?
True
Does 296 divide 59200?
True
Does 74 divide 82194?
False
Is 233 a factor of 64916?
False
Is 86 a factor of 4039420?
True
Is 956 a factor of 2019072?
True
Does 5 divide 2558686?
False
Is 24 a factor of 15648?
True
Does 41 divide 11275?
True
Does 72 divide 2144520?
True
Is 16 a factor of 4874?
False
Does 292 divide 738468?
True
Is 700 a factor of 1139689?
False
Does 74 divide 104340?
True
Does 16 divide 254987?
False
Does 28 divide 83106?
False
Is 159 a factor of 708663?
True
Is 161 a factor of 468993?
True
Is 347 a factor of 491352?
True
Is 37 a factor of 140149?
False
Does 709 divide 16147475?
True
Is 172395 a multiple of 15?
True
Is 7 a factor of 2160556?
False
Is 323750 a multiple of 4?
False
Is 35 a factor of 124425?
True
Is 14136 a multiple of 12?
True
Does 6 divide 7134?
True
Is 2075010 a multiple of 572?
False
Is 4733261 a multiple of 28?
False
Is 24 a factor of 1271784?
True
Does 107 divide 76849?
False
Is 92076 a multiple of 46?
False
Is 1076505 a multiple of 215?
True
Is 2007276 a multiple of 141?
True
Is 3780035 a multiple of 85?
True
Is 7 a factor of 90880?
False
Is 881848 a multiple of 5?
False
Is 33 a factor of 4717416?
True
Is 3 a factor of 595206?
True
Is 747676 a multiple of 47?
True
Is 536299 a multiple of 23?
False
Does 129 divide 118666?
False
Does 149 divide 953556?
False
Is 222 a factor of 3702159?
False
Is 4766560 a multiple of 40?
True
Does 4 divide 1887348?
True
Is 397 a factor of 605179?
False
Does 56 divide 531345?
False
Does 204 divide 3285204?
False
Is 41370 a multiple of 7?
True
Does 7 divide 142261?
True
Is 471 a factor of 1461667?
False
Is 13615349 a multiple of 20?
False
Is 52122 a multiple of 51?
True
Is 563580 a multiple of 563?
False
Is 75 a factor of 539550?
True
Is 270 a factor of 2879550?
True
Is 19 a factor of 83066?
False
Is 364122 a multiple of 3?
True
Is 3171329 a multiple of 965?
False
Does 73 divide 389966?
True
Does 2 divide 714975?
False
Does 105 divide 205951?
False
Is 9855154 a multiple of 8?
False
Does 50 divide 206050?
True
Is 267 a factor of 4452492?
True
Is 554415 a multiple of 23?
True
Is 1447524 a multiple of 952?
False
Is 105 a factor of 89414?
False
Does 35 divide 119385?
True
Is 7 a factor of 153752?
False
Does 46 divide 470074?
True
Is 10 a factor of 462540?
True
Does 22 divide 9391?
False
Is 3 a factor of 2399903?
False
Does 12 divide 4632888?
True
Does 10 divide 753649?
False
Does 431 divide 10937116?
False
Is 247 a factor of 4194554?
True
Is 19 a factor of 13816384?
False
Does 98 divide 2260076?
True
Is 8 a factor of 137800?
True
Is 231 a factor of 243957?
False
Is 35 a factor of 211120?
True
Is 672289 a multiple of 44?
False
Is 30223 a multiple of 13?
False
Is 115710 a multiple of 190?
True
Does 74 divide 117068?
True
Is 555 a factor of 3971061?
False
Is 175 a factor of 2828525?
True
Is 1908711 a multiple of 1096?
False
Is 120 a factor of 2619840?
True
Is 277 a factor of 9655666?
True
Is 9 a factor of 392085?
True
Is 14 a factor of 7678?
False
Is 10 a factor of 140568?
False
Is 208543 a multiple of 312?
False
Is 3420648 a multiple of 36?
True
Is 287 a factor of 2012157?
True
Is 396409 a multiple of 5?
False
Is 115 a factor of 910570?
True
Is 339296 a multiple of 922?
True
Is 100559 a multiple of 6?
False
Does 5 divide 90210?
True
Is 44 a factor of 111709?
False
Is 81 a factor of 1710751?
False
Does 16 divide 161312?
True
Is 8 a factor of 94317?
False
Is 1316972 a multiple of 5?
False
Is 3518819 a multiple of 22?
False
Is 13919 a multiple of 2?
False
Is 3927935 a multiple of 403?
False
Does 15 divide 913485?
True
Is 1013260 a multiple of 425?
False
Is 2594565 a multiple of 135?
True
Is 17 a factor of 8474502?
False
Does 1047 divide 73290?
True
Does 77 divide 926664?
False
Does 32 divide 198080?
True
Is 138 a factor of 1499703?
False
Is 54 a factor of 4661506?
False
Does 16 divide 114272?
True
Is 331523 a multiple of 2?
False
Does 3 divide 242062?
False
Is 53 a factor of 7416974?
False
Does 227 divide 81598?
False
Is 271569 a multiple of 42?
False
Does 45 divide 9242280?
True
Is 231336 a multiple of 324?
True
Is 2837731 a multiple of 52?
False
Is 32 a factor of 79104?
True
Is 1280916 a multiple of 69?
True
Is 325 a factor of 303532?
False
Does 15 divide 215175?
True
Is 1265712 a multiple of 21?
True
Is 830929 a multiple of 69?
False
Does 259 divide 2183672?
False
Does 483 divide 359159?
False
Is 304 a factor of 163965?
False
Is 762218 a multiple of 86?
True
Is 9922465 a multiple of 35?
True
Does 240 divide 40382?
False
Is 39 a factor of 211301?
False
Is 22 a factor of 8957652?
True
Does 25 divide 51000?
True
Is 31 a factor of 270661?
True
Is 10654955 a multiple of 62?
False
Does 178 divide 43610?
True
Is 6425752 a multiple of 292?
True
Is 31713997 a multiple of 41?
False
Is 48 a factor of 844641?
False
Is 3 a factor of 31299?
True
Is 83 a factor of 189572?
True
Is 403056 a multiple of 324?
True
Is 84 a factor of 2410865?
False
Is 103 a factor of 31518?
True
Does 51 divide 16713474?
False
Is 238573 a multiple of 11?
False
Does 23 divide 65527?
True
Is 1633005 a multiple of 45?
True
Is 345829 a multiple of 22?
False
Does 31 divide 21266?
True
Does 2018 divide 13863787?
False
Is 6 a factor of 300942?
True
Is 18998 a multiple of 4?
False
Is 41 a factor of 218299?
False
Does 5 divide 467?
False
Is 7 a factor of 6391?
True
Is 226644 a multiple of 202?
True
Is 28321 a multiple of 127?
True
Is 15 a factor of 13577767?
False
Is 159461 a multiple of 91?
False
Does 496 divide 2262812?
False
Does 106 divide 5135276?
True
Does 81 divide 5100930?
False
Is 145 a factor of 4436130?
True
Does 371 divide 281266?
False
Does 273 divide 73557?
False
Is 39 a factor of 25077?
True
Does 111 divide 187302?
False
Is 145565 even?
False
Is 222963 a multiple of 39?
True
Is 703 a factor of 5801859?
True
Does 25 divide 6139?
False
Is 1456260 a multiple of 195?
True
Is 9148419 a multiple of 639?
False
Is 50305 a multiple of 511?
False
Is 28 a factor of 1254523?
False
Is 144 a factor of 571392?
True
Is 143 a factor of 186605?
False
Is 389849 a multiple of 53?
False
Is 15 a factor of 1940250?
True
Is 4 a factor of 556438?
False
Does 15 divide 2722080?
True
Does 47 divide 1787311?
False
Does 14 divide 883528?
False
Is 39608 a multiple of 46?
False
Does 54 divide 18144?
True
Does 28 divide 2651094?
False
Does 21 divide 1320077?
False
Does 10 divide 245198?
False
Does 94 divide 51700?
True
Does 68 divide 20238?
False
Is 115148 a multiple of 27?
False
Is 13 a factor of 75512?
False
Does 95 divide 22719?
False
Does 59 divide 5596504?
True
Is 121 a factor of 1210968?
True
Is 721600 a multiple of 160?
True
Does 13 divide 9415?
False
Is 4192092 a multiple of 27?
False
Is 6838 a multiple of 3?
False
Does 480 divide 1706400?
True
Is 10 a factor of 279930?
True
Is 805832 a multiple of 383?
True
Does 13 divide 10978166?
False
Is 29 a factor of 112926?
True
Is 7454667 a multiple of 22?
False
Is 31 a factor of 1218812?
False
Is 95 a factor of 327560?
True
Is 430356 a multiple of 63?
False
Is 1551234 a multiple of 1185?
False
Is 569612 a multiple of 130?
False
Is 46 a factor of 928740?
True
Is 33586 a multiple of 5?
False
Is 158 a factor of 20224?
True
Does 755 divide 211400?
True
Is 336634 a multiple of 17?
True
Is 340 a factor of 39865?
False
Is 491823 a multiple of 9?
True
Does 26 divide 116922?
True
Is 4939 a multiple of 27?
False
Is 168081 a multiple of 221?
False
Is 21 a factor of 3929681?
False
Does 154 divide 3072619?
False
Is 325 a factor of 217340?
False
Does 5 divide 172857?
False
Does 276 divide 2433492?
True
Does 433 divide 39403?
True
Is 29883 a multiple of 23?
False
Does 61 divide 38001?
False
Is 174636 a multiple of 22?
True
Is 4 a factor of 25064?
True
Does 155 divide 736715?
True
Is 137103 a multiple of 69?
True
Is 814138 a multiple of 331?